ommon factor of 25631 and 30.
1
Calculate the highest common divisor of 940 and 166248635.
235
What is the highest common divisor of 654 and 10127626?
218
Calculate the highest common factor of 7176 and 8576516.
1196
What is the greatest common divisor of 9054594 and 40986?
414
What is the greatest common divisor of 11059 and 3491?
1
What is the greatest common factor of 656 and 83248?
16
Calculate the highest common factor of 777420864 and 2552.
2552
Calculate the greatest common divisor of 31 and 421548943.
31
Calculate the greatest common divisor of 23972922 and 126.
18
What is the highest common divisor of 44132 and 1460368?
4012
What is the greatest common factor of 36297 and 298183?
37
Calculate the greatest common factor of 3432978 and 111313.
709
Calculate the greatest common divisor of 9684 and 557640.
36
What is the greatest common factor of 994124 and 64684?
628
What is the greatest common factor of 20140200 and 1800?
1800
Calculate the greatest common divisor of 1432 and 273081147.
179
Calculate the greatest common factor of 5544 and 89088.
24
What is the greatest common factor of 52652928 and 1152?
384
Calculate the greatest common factor of 914 and 11671323.
457
Calculate the greatest common divisor of 270 and 50373630.
270
Calculate the greatest common divisor of 123 and 171596767.
41
What is the highest common factor of 1689366 and 7182?
798
Calculate the highest common divisor of 30284 and 598176.
268
What is the greatest common divisor of 347802 and 2381792?
686
What is the greatest common factor of 30954186 and 1494?
1494
What is the greatest common factor of 1105367887 and 1391?
1391
What is the greatest common factor of 20132 and 321735244?
2876
What is the greatest common factor of 40 and 28016080?
40
Calculate the greatest common divisor of 8248215 and 55.
5
Calculate the greatest common factor of 8388 and 68868.
36
Calculate the highest common divisor of 379427 and 477.
53
Calculate the greatest common divisor of 936 and 8586240.
312
What is the highest common divisor of 34 and 153652426?
34
Calculate the greatest common factor of 426 and 636464874.
426
What is the greatest common factor of 9940303 and 10084?
2521
Calculate the highest common divisor of 130624272 and 864.
432
What is the highest common factor of 108819842 and 172?
86
Calculate the highest common divisor of 84 and 217414596.
84
What is the highest common divisor of 14 and 10020773?
7
What is the greatest common factor of 55457921 and 604?
151
What is the highest common factor of 805946251 and 33?
11
What is the greatest common factor of 16441712 and 112?
112
Calculate the greatest common factor of 625303 and 8995.
7
What is the highest common factor of 76272025 and 25?
25
What is the highest common divisor of 1344 and 550977?
21
Calculate the greatest common divisor of 1686685 and 82944125.
18535
What is the highest common divisor of 412747 and 14227?
41
Calculate the greatest common factor of 21520 and 43274030.
2690
What is the highest common divisor of 234164062 and 1474?
1474
What is the greatest common factor of 440023575 and 75?
75
What is the highest common factor of 3640 and 322406?
14
Calculate the greatest common divisor of 2278 and 774660097.
1139
What is the greatest common factor of 757823088 and 336?
48
What is the highest common factor of 901204 and 120648?
1828
What is the highest common divisor of 247 and 886951?
13
What is the highest common divisor of 60760 and 5648076?
868
Calculate the highest common factor of 1677348 and 48764.
668
What is the highest common divisor of 9623673 and 1269?
423
Calculate the greatest common factor of 196974 and 8277.
93
What is the highest common divisor of 35102553 and 1719?
573
Calculate the highest common factor of 54 and 241693902.
54
What is the greatest common divisor of 208 and 930512752?
208
Calculate the highest common factor of 308 and 37269386.
154
What is the greatest common divisor of 2470 and 86520590?
130
What is the greatest common factor of 190906 and 598847?
53
Calculate the highest common divisor of 60 and 1626504.
12
Calculate the highest common factor of 83113 and 3366.
17
Calculate the greatest common divisor of 19492 and 1177051.
443
What is the highest common factor of 6748 and 128604?
28
What is the highest common factor of 266 and 664823642?
266
Calculate the highest common divisor of 73602 and 8622.
18
Calculate the greatest common divisor of 6441 and 230679.
57
What is the greatest common factor of 2924 and 372953276?
2924
What is the highest common factor of 92419412 and 2788?
2788
Calculate the highest common factor of 219655 and 104810.
1115
What is the greatest common divisor of 6559685 and 10?
5
Calculate the highest common divisor of 6426 and 2102492.
238
What is the greatest common factor of 4060404 and 45567?
549
Calculate the highest common divisor of 22824 and 28422.
18
Calculate the highest common factor of 67894 and 91964.
166
Calculate the greatest common divisor of 11276881 and 2138.
1069
Calculate the greatest common divisor of 1324025 and 162146.
251
Calculate the highest common factor of 1655329 and 2133664.
2899
What is the greatest common factor of 12765500 and 220?
220
Calculate the greatest common divisor of 3507544189 and 3607.
3607
What is the highest common divisor of 172923579 and 351?
27
Calculate the highest common divisor of 55822 and 11414.
26
Calculate the greatest common divisor of 11874160 and 32.
16
What is the greatest common divisor of 16474638 and 1884?
942
Calculate the highest common factor of 45 and 4977035.
5
What is the greatest common factor of 1678 and 45088699?
839
Calculate the greatest common factor of 34884 and 1338444.
1836
Calculate the greatest common factor of 392 and 57461614.
98
Calculate the greatest common factor of 1592840 and 72.
8
What is the greatest common divisor of 798 and 2446808?
14
Calculate the greatest common divisor of 37812 and 4090872.
276
What is the highest common factor of 65880 and 19156196?
244
What is the greatest common divisor of 2133525 and 525?
75
Calculate the greatest common factor of 155483 and 625403.
89
Calculate the highest common factor of 13646235 and 615.
615
What is the greatest common factor of 4999608 and 72?
72
What is the greatest common factor of 597670 and 18290?
590
What is the highest common divisor of 8112 and 9323223?
507
What is the greatest common factor of 104330 and 820?
10
Calculate the greatest common factor of 84704 and 36128.
32
Calculate the greatest common factor of 4096430 and 1755.
65
Calculate the greatest common divisor of 2688 and 14292768.
672
Calculate the highest common divisor of 59303800 and 600.
200
What is the highest common factor of 449172 and 1026?
54
What is the highest common factor of 2989 and 21252644?
427
What is the greatest common divisor of 40797 and 933417?
27
What is the greatest common divisor of 203060 and 5941?
13
What is the highest common divisor of 275 and 11429000?
275
Calculate the greatest common divisor of 303232 and 30084.
92
What is the highest common factor of 12101883 and 24?
3
What is the highest common divisor of 2 and 3411098?
2
What is the highest common factor of 302 and 311621267?
151
What is the greatest common factor of 6984 and 329897?
97
Calculate the highest common factor of 748 and 1767876.
44
What is the greatest common factor of 3412 and 429?
1
What is the highest common factor of 28 and 1022546?
14
What is the highest common divisor of 3954378 and 2?
2
Calculate the greatest common divisor of 74575 and 712780.
785
Calculate the greatest common divisor of 178975473 and 68.
17
Calculate the greatest common divisor of 1260 and 6760040.
140
What is the greatest common factor of 310488 and 157233?
51
Calculate the greatest common divisor of 38316 and 30934608.
1236
Calculate the greatest common factor of 6045 and 514387185.
6045
Calculate the highest common divisor of 34752 and 691712.
64
What is the greatest common divisor of 5812 and 14792993?
1453
What is the highest common divisor of 11341 and 186611?
1031
What is the highest common factor of 8211859 and 110717?
2089
What is the greatest common divisor of 334 and 702605573?
167
Calculate the highest common divisor of 8065717 and 59972.
517
What is the highest c